{"id":897,"date":"2020-01-22T14:47:08","date_gmt":"2020-01-22T14:47:08","guid":{"rendered":"http:\/\/www.elkatherm-benelux.be\/?page_id=897"},"modified":"2025-02-18T11:19:34","modified_gmt":"2025-02-18T11:19:34","slug":"regeling","status":"publish","type":"page","link":"https:\/\/www.elkatherm-benelux.eu\/blog\/nl\/producten\/opties\/regeling\/","title":{"rendered":"Opties: regeling"},"content":{"rendered":"\r\n<div id=\"products-menu\" class=\"products-menu\">\r\n    <div> \r\n        <a id=\"pr-menu-overv\" href=\"https:\/\/www.elkatherm-benelux.eu\/blog\/nl\/producten\/\" title=\"Elektrische plintradiatoren\">Overzicht<\/a>\r\n        <a id=\"pr-menu-sk\" href=\"https:\/\/www.elkatherm-benelux.eu\/blog\/nl\/producten\/plintradiatoren-sk-serie\/\" title=\"Elektrische plintradiatoren\">SK-gamma<\/a>\r\n        <a id=\"pr-menu-sn\" href=\"https:\/\/www.elkatherm-benelux.eu\/blog\/nl\/producten\/plaatsbesparende-elektrische-radiatoren-sn-serie\/\" title=\"Plaatsbesparende elektrische verwarming voor smalle kamers\">SN-gamma<\/a>\r\n        <a id=\"pr-menu-s\" href=\"https:\/\/www.elkatherm-benelux.eu\/blog\/nl\/producten\/standaard-radiatoren-s-serie\/\" title=\"Elektrische standaard radiatoren voor grote woonkamers\">S-gamma<\/a>\r\n        <a id=\"pr-menu-sd\" href=\"https:\/\/www.elkatherm-benelux.eu\/blog\/nl\/producten\/compacte-radiatoren-sd-serie\" title=\"Compacte elektrische radiatoren\">SD-gamma<\/a>\r\n        <a id=\"pr-menu-sl\" href=\"https:\/\/www.elkatherm-benelux.eu\/blog\/nl\/producten\/verticale-radiatoren-sl-serie\/\" title=\"badkamerradiatoren\">SL-gamma<\/a>        \r\n        <a id=\"pr-menu-options\" href=\"https:\/\/www.elkatherm-benelux.eu\/blog\/nl\/producten\/opties\/regeling\/\" title=\"Opties voor Elkatherm elektrische radiatoren\">Opties<\/a>\r\n    <\/div>        \r\n<\/div>\r\n<!-- Script pour indication menu section active (ajout classe fond orange): -->\r\n<script>\r\n    window.onload = function showActive2() {\r\n        var element2 = document.getElementById(\"pr-menu-options\");\r\n        element2.classList.add(\"active-options-menu\");\r\n    }    \r\n<\/script> \r\n<p class=\"display-4 text-center z789\"><br class=\"z456\">Opties: <\/p>\r\n<div id=\"options-menu\" class=\"options-menu\">\r\n    <div>\r\n        <a id=\"regul\" href=\"..\/regeling\" title=\"Regelingen\">\r\n            <p>Regelingen<\/p> <img decoding=\"async\" src=\"https:\/\/www.elkatherm-benelux.eu\/blog\/regul\" alt=\"Regelingen\">\r\n        <\/a>\r\n        <a id=\"finish\" href=\"..\/afwerking\" title=\"Afwerking\">\r\n            <p>Afwerking<\/p> <img decoding=\"async\" src=\"https:\/\/www.elkatherm-benelux.eu\/blog\/afwerking-2\" alt=\"Afwerking\">\r\n        <\/a>\r\n        <a id=\"ral\" href=\"..\/kleuren\" title=\"Kleuren\">\r\n            <p>Kleuren<\/p> <img decoding=\"async\" src=\"https:\/\/www.elkatherm-benelux.eu\/blog\/ral\" alt=\"Kleuren\">\r\n        <\/a>\r\n        <a id=\"pieds\" href=\"..\/pootjes\" title=\"Pootjes en wieltjes\">\r\n            <p>Pootjes<\/p> <img decoding=\"async\" src=\"https:\/\/www.elkatherm-benelux.eu\/blog\/pieds-2\" alt=\"Pootjes en wieltjes\">\r\n        <\/a>\r\n        <a id=\"porteserv\" href=\"..\/handdoekhouder\" title=\"Handdoekhouders\">\r\n            <p>Handdoek&shy;houder<\/p> <img decoding=\"async\" src=\"https:\/\/www.elkatherm-benelux.eu\/blog\/porte-serviette-2\" alt=\"Handdoekhouders\">\r\n        <\/a>\r\n    <\/div>\r\n    <a id=\"productsmenubutton\" href=\"producten\">Terug naar producten<\/a>\r\n<\/div>    \r\n\r\n<a id=\"bt-dwld\" class=\"options-button\" href=\"https:\/\/www.elkatherm-benelux.eu\/blog\/opties-options\/\" target=\"_blank\" rel=\"noopener noreferrer\" title=\"Details van alle opties\">\r\n    <i class=\"fas fa-file-download\"><\/i><span> Details van alle opties<\/span>\r\n    \r\n<\/a>\r\n<h1 class=\"product-h1 display-3\" id=\"regulat\">Regelingen voor elektrische radiatoren<\/h1>        \r\n<!-- Script pour indication menu section active (ajout classe fond orange): -->\r\n<script>\r\n    window.onload = function showActive() {\r\n        var element = document.getElementById(\"pr-menu-overv\");\r\n        element.classList.add(\"active-options-menu\");\r\n\r\n        var element2 = document.getElementById(\"regul\");\r\n        element2.classList.add(\"active-options-menu\");\r\n    }    \r\n\r\n    let timeout;\r\n    function myFunction() {\r\n      timeout = setTimeout(activateMenu, 500);\r\n    }\r\n    function activateMenu() {      \r\n        var element = document.getElementById(\"pr-menu-options\");\r\n        element.classList.add(\"active-options-menu\");\r\n\r\n        var element2 = document.getElementById(\"regul\");\r\n        element2.classList.add(\"active-options-menu\");\r\n    }\r\n    myFunction();\r\n<\/script>  \r\n    \r\n<div class=\"option-content\">\r\n    <div class=\"option-intro\">\r\n        <p>Afhankelijk van het type installatie en de gewenste functies, kunt u de oplossing kiezen die bij uw woning past. Om u te helpen bij uw keuzes, staan onze <strong><a href=\"..\/..\/..\/diensten\/keuzegids-radiatorregelingen\/\" title=\"regelingkeuzegids\">regelingkeuzegids<\/a><\/strong> en onze <strong><a href=\"..\/..\/..\/radiatorconfigurator\/\">radiatorconfigurator<\/a><\/strong> tot uw beschikking. Uiteraard adviseren wij u graag over de vele mogelijkheden en combinaties.<\/p>\r\n        <p>Volgens de nieuwe Europese normen is de thermostaat 505 nu alleen nog beschikbaar op een staande radiator.<\/p>\r\n        <p>Voor haar radiatoren biedt Elkatherm de keuze tussen vier soorten regelingen:<\/p>\r\n        <ul>\r\n            <li><strong>Bedrade regeling:<\/strong> geen ingebouwde thermostaat of ontvanger, bediening via andere oplossingen (ELK504)<\/li>\r\n            <li><a href=\"#all-in-one\"><strong>Alles-in-\u00e9\u00e9n :<\/strong><\/a> regeling via ingebouwde thermostaat, draadloze thermostaat of via smartphpone-app.<\/li>\r\n            <li><a href=\"#int-regul\"><strong>Ge\u00efntegreerde regeling:<\/strong><\/a> bediening met ingebouwde thermostaat<\/li>\r\n            <li><a href=\"#ext-regul\"><strong>Draadloze regeling:<\/strong><\/a> bediening vanop afstand via draadloze thermostaat.<\/li>\r\n        <\/ul>\r\n    <\/div>\r\n\r\n    <div id=\"all-in-one\">\r\n        <h2>Alles-in-\u00e9\u00e9n eComfort regeling <span class=\"promo-new\">Nieuw<\/span><\/h2>\r\n        <p>Dit nieuwe type veelzijdige regeling maakt eenvoudig bebruik mogelijk of geavanceerd met behulp van de eComfort smartphone-applicatie of een externe thermostaat. <b>Geschikt voor \u00e9\u00e9n of meerdere radiatoren per kamer<\/b>.<\/p>    \r\n        <div id=\"530\" class=\"option-details new\">\r\n            <img decoding=\"async\" src=\"https:\/\/www.elkatherm-benelux.eu\/blog\/eComfort-530\/\" alt=\"Eenvoudige thermostaat\">\r\n            <br>\r\n            <h3 class=\"option-name\">Eenvoudige thermostaat 530<\/h3>\r\n            <p>Twee intu\u00eftieve toetsen: een pijl omhoog om de gewenste temperatuur te verhogen en een pijl omlaag om deze te verlagen. Een scherm geeft de gevraagde temperatuur weer. Wat is er eenvoudiger?<\/p>\r\n             <p>Ook verkrijgbaar: draadloze thermostaat 531 voor programmeren zonder smartphone. Neem contact met ons op voor meer informatie.<\/p>\r\n        <\/div>\r\n        <div id=\"app\" class=\"option-details new\"> \r\n            <img decoding=\"async\" src=\"https:\/\/www.elkatherm-benelux.eu\/blog\/eComfort-app\/\" alt=\"Smartphone app\">\r\n            <h3 class=\"option-name\">eComfort-applicatie voor het bedienen van de 530-thermostaat via smartphone <span class=\"promo-new\">Gratis<\/span><\/h3>\r\n            <p>Met de krachtige en gebruiksvriendelijke gratis eComfort app programmeer je de inbouwthermostaten van al je radiatoren uitgerust met de 530 thermostaat. <\/p>\r\n            <p> Dankzij de grafische interface van de applicatie kunt u in een oogwenk, waar u ook bent (via GSM-netwerk), een overzicht krijgen van de informatie afkomstig van uw verschillende radiatoren (gemeten temperatuur, gevraagde temperatuur, open raam-detectie,&#8230;).<\/p>\r\n            <!--<h4>Programmation<\/h4>\r\n            <h4>Infos compl\u00e9mentaires<\/h4>-->\r\n        <\/div>\r\n    <\/div>\r\n\r\n    <div id=\"int-regul\">\r\n        <h2>Ge\u00efntegreerde regelingen<\/h2>\r\n        <p><b>Geschikt voor kamers met \u00e9\u00e9n radiator<\/b>, om de regeling ervan te garanderen, bieden wij u een breed scala aan hoogwaardige thermostaten aan.<\/p>\r\n        <div id=\"505\" class=\"option-details new\">\r\n            <img decoding=\"async\" src=\"https:\/\/www.elkatherm-benelux.eu\/blog\/geintegreerde-regeling-505\" alt=\"Handmatige thermostaat voor elektrische radiator\">\r\n            <br>\r\n            <h3 class=\"option-name\">Thermostaat 505<\/h3>\r\n            <p>Dit model van handmatige thermostaat (ELK505) is ingebouwd aan de zijkant van de radiator. De temperatuur wordt eenvoudigweg ingesteld via de draaiknop. Ideaal voor het beheer van uw verwarmingsinstallatie met gemak! Volgens de huidige Europese normen is de thermostaat 505 alleen beschikbaar voor een radiator op voetjes (geen wandmontage).<\/p>        \r\n        <\/div>\r\n        <div id=\"520\" class=\"option-details new\">\r\n            <img decoding=\"async\" src=\"https:\/\/www.elkatherm-benelux.eu\/blog\/geintegreerde-programmeerde-regeling-520\" alt=\"Programmeerbare thermostaat voor elektrische radiator\">\r\n            <br>\r\n            <h3 class=\"option-name\">Thermostaat 520<\/h3>\r\n            <p>Met deze ge\u00efntegreerde digitale thermostaat (ELK520) kunt u de gewenste temperatuur over een periode van een week programmeren. Het heeft \u201cdag\u201d, \u201cvakantie\u201d en \u201cfeest\u201d-opties.<\/p>\r\n        <\/div>\r\n        <div class=\"row wp-block-button aligncenter is-style-squared\"><a class=\"wp-block-button__link\" href=\"..\/..\/..\/diensten\/keuzegids-radiatorregelingen\/\" title=\"regelingkeuzegids\">Regelingkeuzegids<\/a><\/div>\r\n    <\/div>\r\n\r\n    <div id=\"ext-regul\">        \r\n        <h2>Draadloze regelingen<\/h2>\r\n        <p><b>Geschikt voor kamers met \u00e9\u00e9n of meerdere radiatoren<\/b>, bieden wij u een breed scala aan hoogwaardige draadloze thermostaten aan om deze&nbsp;te&nbsp;bedienen.<\/p>      \r\n        <h3 id=\"recept\" class=\"option-group\">Draadloze ontvangers<\/h3>\r\n        <div id=\"707\" class=\"option-details new\">\r\n            <img decoding=\"async\" src=\"https:\/\/www.elkatherm-benelux.eu\/blog\/recepteur-707\/\" alt=\"Ingebouwde draadloze ontvanger\">\r\n            <br>\r\n            <h4 class=\"option-name\">Ingebouwde draadloze ontvanger 707 <span class=\"promo-new\">Nieuw<\/span><\/h4>\r\n            <p>Draadloze ontvanger ge\u00efntegreerd in de radiator (ELK707). Hiermee kan de thermostaat 712 of 716 (zie hieronder) de radiator in- en uitgeschakeld worden.<\/p>        \r\n        <\/div>   \r\n        <div id=\"714\" class=\"option-details new\">\r\n            <img decoding=\"async\" src=\"https:\/\/www.elkatherm-benelux.eu\/blog\/tole-recepteur-714\/\" alt=\"Opgebouwde draadloze ontvanger\">\r\n            <br>\r\n            <h4 class=\"option-name\">Aparte draadloze ontvanger 714<\/h4>\r\n            <p>Deze draadloze ontvanger wordt op of naast de radiator gemonteerd (ELK714). Hiermee kan met de thermostaat 712 of 716 (zie hieronder) de radiator in- en uitgeschakeld worden.<\/p>        \r\n        <\/div>   \r\n        <h3 id=\"thermos\" class=\"option-group\">Draadloze thermostaten<\/h3>\r\n        <div id=\"712\" class=\"option-details new\">\r\n            <img decoding=\"async\" src=\"https:\/\/www.elkatherm-benelux.eu\/blog\/programmeerbare-rf-thermostaat-712\/\" alt=\"Draadloze programmeerbare thermostaat voor elektrische radiator\">\r\n            <br>\r\n            <h4 id=\"712\" class=\"option-name\">Thermostaat 712<\/h4>\r\n            <p>De 712 RF digitale programmeerbare thermostaat biedt u de mogelijkheid om de tijdvensters en de gewenste temperatuur te programmeren.<\/p>        \r\n            <p><a href=\"..\/..\/diensten\/uitlegvideos\/#appareillage712\" title=\"Thermostat 712 uitlegvideo's\">Klik hier<\/a> om te zien hoe dit thermostaat te programmeren en met uw radiatoren te koppelen.<\/p>  \r\n        <\/div>\r\n        <div id=\"716\" class=\"option-details new\">\r\n            <img decoding=\"async\" src=\"https:\/\/www.elkatherm-benelux.eu\/blog\/rf-thermostaat-716\/\" alt=\"Draadloze thermostaat voor elektrische radiator\">\r\n            <br>\r\n            <h4 id=\"716\" class=\"option-name\">Thermostaat 716<\/h4>\r\n            <p>De 716 RF digitale thermostaat met eenvoudige knoppen biedt u de mogelijkheid om de gewenste temperatuur aan te passen. <\/p>\r\n        <\/div>     <span id=\"701\"><\/span>  \r\n        <div id=\"702\" class=\"option-details new\">\r\n            <img decoding=\"async\" src=\"https:\/\/www.elkatherm-benelux.eu\/blog\/ELK702-router\/\" alt=\"RF router\">\r\n            <br>\r\n            <h4 class=\"option-name\">Router 702<\/h4>\r\n            <p>Dankzij de router 702 bedient u uw radiatoren eenvoudig met uw smartphone. Met draadloze thermostaten en de nieuwe gratis app \u201cComfort Control\u201d krijgt u toegang tal van mogelijkheden &#8211; ontdek de voordelen van \u201cverwarmen 2.0\u201d. Deze voorgeprogrammeerde router is de zender die met uw thermostaten communiceert. Met uw smartphone of tablet heeft u toegang tot de router om de tijdvakken en de gewenste temperatuur te programmeren.<\/p>        \r\n        <\/div>\r\n        <!--\r\n        <div id=\"714\" class=\"option-details new\">\r\n            <img decoding=\"async\" src=\"https:\/\/www.elkatherm-benelux.eu\/blog\/recepteur-thermonstat-sans-fil-714\/\" alt=\"R\u00e9cepteur thermostat sans fil 714\">\r\n            <br>\r\n            <h3 class=\"option-name\">R\u00e9cepteur 714<\/h3>\r\n            <p>R\u00e9cepteur mont\u00e9 \u00e0 c\u00f4t\u00e9 ou sur les radiateurs, il doit \u00eatre install\u00e9 avec le thermostat 712 ou 716 (voir ci-dessous).<\/p>\r\n        <\/div>\r\n        <div id=\"714-tole\" class=\"option-details new\">\r\n            <img decoding=\"async\" src=\"https:\/\/www.elkatherm-benelux.eu\/blog\/tole-recepteur-714\/\" alt=\"R\u00e9cepteur thermostat sans fil 714 mont\u00e9 sur t\u00f4le lat\u00e9rale\">\r\n            <br>\r\n            <h3 class=\"option-name\">R\u00e9cepteur 714 mont\u00e9 sur t\u00f4le lat\u00e9rale<\/h3>\r\n            <p>R\u00e9cepteur mont\u00e9 sur la t\u00f4le lat\u00e9rale des radiateurs, il doit \u00eatre install\u00e9 avec le thermostat 712 ou 716 (voir ci-dessous).<\/p>\r\n        <\/div>\r\n        -->\r\n        <div class=\"row wp-block-button aligncenter is-style-squared\"><a class=\"wp-block-button__link\" href=\"..\/..\/..\/diensten\/keuzegids-radiatorregelingen\/\" title=\"regelingkeuzegids\">Regelingkeuzegids<\/a><\/div>\r\n    <\/div>   \r\n<\/div>\r\n","protected":false},"excerpt":{"rendered":"<p>Regelingen voor elektrische radiatoren Afhankelijk van het type installatie en de gewenste functies, kunt u de oplossing kiezen die bij uw woning past. Om u te helpen bij uw keuzes, staan onze regelingkeuzegids en onze radiatorconfigurator tot uw beschikking. Uiteraard adviseren wij u graag over de vele mogelijkheden en combinaties. Volgens de nieuwe Europese normen&#8230;<\/p>\n<p class=\"more-link\"><a href=\"https:\/\/www.elkatherm-benelux.eu\/blog\/nl\/producten\/opties\/regeling\/\"><span>Read More<\/span><i>&#43;<\/i><\/a><\/p>\n","protected":false},"author":1,"featured_media":0,"parent":2382,"menu_order":1,"comment_status":"closed","ping_status":"closed","template":"","meta":{"footnotes":""},"yoast_head":"<!-- This site is optimized with the Yoast SEO plugin v24.5 - https:\/\/yoast.com\/wordpress\/plugins\/seo\/ -->\n<title>Opties: regeling - Elkatherm Benelux<\/title>\n<meta name=\"description\" content=\"Kies onze thermostaat, geschikt voor kamers met slechts \u00e9\u00e9n radiator. Regel de temperatuur van uw kamers met meer gemak. Neem nu contact met ons op ! Elkatherm Benelux.\" \/>\n<meta name=\"robots\" content=\"index, follow, max-snippet:-1, max-image-preview:large, max-video-preview:-1\" \/>\n<link rel=\"canonical\" href=\"https:\/\/www.elkatherm-benelux.eu\/blog\/nl\/producten\/opties\/regeling\/\" \/>\n<meta property=\"og:locale\" content=\"fr_FR\" \/>\n<meta property=\"og:type\" content=\"article\" \/>\n<meta property=\"og:title\" content=\"Opties: regeling - Elkatherm Benelux\" \/>\n<meta property=\"og:description\" content=\"Kies onze thermostaat, geschikt voor kamers met slechts \u00e9\u00e9n radiator. Regel de temperatuur van uw kamers met meer gemak. Neem nu contact met ons op ! Elkatherm Benelux.\" \/>\n<meta property=\"og:url\" content=\"https:\/\/www.elkatherm-benelux.eu\/blog\/nl\/producten\/opties\/regeling\/\" \/>\n<meta property=\"og:site_name\" content=\"Elkatherm Benelux\" \/>\n<meta property=\"article:publisher\" content=\"https:\/\/www.facebook.com\/elkathermbe\/\" \/>\n<meta property=\"article:modified_time\" content=\"2025-02-18T11:19:34+00:00\" \/>\n<meta property=\"og:image\" content=\"https:\/\/www.elkatherm-benelux.eu\/blog\/eComfort-530\/\" \/>\n<meta name=\"twitter:card\" content=\"summary_large_image\" \/>\n<meta name=\"twitter:label1\" content=\"Dur\u00e9e de lecture estim\u00e9e\" \/>\n\t<meta name=\"twitter:data1\" content=\"1 minute\" \/>\n<script type=\"application\/ld+json\" class=\"yoast-schema-graph\">{\"@context\":\"https:\/\/schema.org\",\"@graph\":[{\"@type\":\"WebPage\",\"@id\":\"https:\/\/www.elkatherm-benelux.eu\/blog\/nl\/producten\/opties\/regeling\/\",\"url\":\"https:\/\/www.elkatherm-benelux.eu\/blog\/nl\/producten\/opties\/regeling\/\",\"name\":\"Opties: regeling - Elkatherm Benelux\",\"isPartOf\":{\"@id\":\"https:\/\/www.elkatherm-benelux.eu\/blog\/#website\"},\"primaryImageOfPage\":{\"@id\":\"https:\/\/www.elkatherm-benelux.eu\/blog\/nl\/producten\/opties\/regeling\/#primaryimage\"},\"image\":{\"@id\":\"https:\/\/www.elkatherm-benelux.eu\/blog\/nl\/producten\/opties\/regeling\/#primaryimage\"},\"thumbnailUrl\":\"https:\/\/www.elkatherm-benelux.eu\/blog\/eComfort-530\/\",\"datePublished\":\"2020-01-22T14:47:08+00:00\",\"dateModified\":\"2025-02-18T11:19:34+00:00\",\"description\":\"Kies onze thermostaat, geschikt voor kamers met slechts \u00e9\u00e9n radiator. Regel de temperatuur van uw kamers met meer gemak. Neem nu contact met ons op ! Elkatherm Benelux.\",\"breadcrumb\":{\"@id\":\"https:\/\/www.elkatherm-benelux.eu\/blog\/nl\/producten\/opties\/regeling\/#breadcrumb\"},\"inLanguage\":\"fr-FR\",\"potentialAction\":[{\"@type\":\"ReadAction\",\"target\":[\"https:\/\/www.elkatherm-benelux.eu\/blog\/nl\/producten\/opties\/regeling\/\"]}]},{\"@type\":\"ImageObject\",\"inLanguage\":\"fr-FR\",\"@id\":\"https:\/\/www.elkatherm-benelux.eu\/blog\/nl\/producten\/opties\/regeling\/#primaryimage\",\"url\":\"https:\/\/www.elkatherm-benelux.eu\/blog\/eComfort-530\/\",\"contentUrl\":\"https:\/\/www.elkatherm-benelux.eu\/blog\/eComfort-530\/\"},{\"@type\":\"BreadcrumbList\",\"@id\":\"https:\/\/www.elkatherm-benelux.eu\/blog\/nl\/producten\/opties\/regeling\/#breadcrumb\",\"itemListElement\":[{\"@type\":\"ListItem\",\"position\":1,\"name\":\"Accueil\",\"item\":\"https:\/\/www.elkatherm-benelux.eu\/blog\/\"},{\"@type\":\"ListItem\",\"position\":2,\"name\":\"Producten\",\"item\":\"https:\/\/www.elkatherm-benelux.eu\/blog\/nl\/producten\/\"},{\"@type\":\"ListItem\",\"position\":3,\"name\":\"Opties\",\"item\":\"https:\/\/www.elkatherm-benelux.eu\/blog\/nl\/producten\/opties\/\"},{\"@type\":\"ListItem\",\"position\":4,\"name\":\"Opties: regeling\"}]},{\"@type\":\"WebSite\",\"@id\":\"https:\/\/www.elkatherm-benelux.eu\/blog\/#website\",\"url\":\"https:\/\/www.elkatherm-benelux.eu\/blog\/\",\"name\":\"Elkatherm Benelux\",\"description\":\"Radiateurs &eacute;lectriques &agrave; inertie\",\"publisher\":{\"@id\":\"https:\/\/www.elkatherm-benelux.eu\/blog\/#organization\"},\"potentialAction\":[{\"@type\":\"SearchAction\",\"target\":{\"@type\":\"EntryPoint\",\"urlTemplate\":\"https:\/\/www.elkatherm-benelux.eu\/blog\/?s={search_term_string}\"},\"query-input\":{\"@type\":\"PropertyValueSpecification\",\"valueRequired\":true,\"valueName\":\"search_term_string\"}}],\"inLanguage\":\"fr-FR\"},{\"@type\":\"Organization\",\"@id\":\"https:\/\/www.elkatherm-benelux.eu\/blog\/#organization\",\"name\":\"ELKATHERM Benelux\",\"url\":\"https:\/\/www.elkatherm-benelux.eu\/blog\/\",\"logo\":{\"@type\":\"ImageObject\",\"inLanguage\":\"fr-FR\",\"@id\":\"https:\/\/www.elkatherm-benelux.eu\/blog\/#\/schema\/logo\/image\/\",\"url\":\"https:\/\/www.elkatherm-benelux.be\/wp-content\/uploads\/2021\/05\/ELKATHERM_logo.jpg\",\"contentUrl\":\"https:\/\/www.elkatherm-benelux.be\/wp-content\/uploads\/2021\/05\/ELKATHERM_logo.jpg\",\"width\":577,\"height\":137,\"caption\":\"ELKATHERM Benelux\"},\"image\":{\"@id\":\"https:\/\/www.elkatherm-benelux.eu\/blog\/#\/schema\/logo\/image\/\"},\"sameAs\":[\"https:\/\/www.facebook.com\/elkathermbe\/\",\"https:\/\/www.instagram.com\/elkatherm_benelux\",\"https:\/\/www.youtube.com\/channel\/UCa2fW6rCLETD_B26V02eAlw\"]}]}<\/script>\n<!-- \/ Yoast SEO plugin. -->","yoast_head_json":{"title":"Opties: regeling - Elkatherm Benelux","description":"Kies onze thermostaat, geschikt voor kamers met slechts \u00e9\u00e9n radiator. Regel de temperatuur van uw kamers met meer gemak. Neem nu contact met ons op ! Elkatherm Benelux.","robots":{"index":"index","follow":"follow","max-snippet":"max-snippet:-1","max-image-preview":"max-image-preview:large","max-video-preview":"max-video-preview:-1"},"canonical":"https:\/\/www.elkatherm-benelux.eu\/blog\/nl\/producten\/opties\/regeling\/","og_locale":"fr_FR","og_type":"article","og_title":"Opties: regeling - Elkatherm Benelux","og_description":"Kies onze thermostaat, geschikt voor kamers met slechts \u00e9\u00e9n radiator. Regel de temperatuur van uw kamers met meer gemak. Neem nu contact met ons op ! Elkatherm Benelux.","og_url":"https:\/\/www.elkatherm-benelux.eu\/blog\/nl\/producten\/opties\/regeling\/","og_site_name":"Elkatherm Benelux","article_publisher":"https:\/\/www.facebook.com\/elkathermbe\/","article_modified_time":"2025-02-18T11:19:34+00:00","og_image":[{"url":"https:\/\/www.elkatherm-benelux.eu\/blog\/eComfort-530\/","type":"","width":"","height":""}],"twitter_card":"summary_large_image","twitter_misc":{"Dur\u00e9e de lecture estim\u00e9e":"1 minute"},"schema":{"@context":"https:\/\/schema.org","@graph":[{"@type":"WebPage","@id":"https:\/\/www.elkatherm-benelux.eu\/blog\/nl\/producten\/opties\/regeling\/","url":"https:\/\/www.elkatherm-benelux.eu\/blog\/nl\/producten\/opties\/regeling\/","name":"Opties: regeling - Elkatherm Benelux","isPartOf":{"@id":"https:\/\/www.elkatherm-benelux.eu\/blog\/#website"},"primaryImageOfPage":{"@id":"https:\/\/www.elkatherm-benelux.eu\/blog\/nl\/producten\/opties\/regeling\/#primaryimage"},"image":{"@id":"https:\/\/www.elkatherm-benelux.eu\/blog\/nl\/producten\/opties\/regeling\/#primaryimage"},"thumbnailUrl":"https:\/\/www.elkatherm-benelux.eu\/blog\/eComfort-530\/","datePublished":"2020-01-22T14:47:08+00:00","dateModified":"2025-02-18T11:19:34+00:00","description":"Kies onze thermostaat, geschikt voor kamers met slechts \u00e9\u00e9n radiator. Regel de temperatuur van uw kamers met meer gemak. Neem nu contact met ons op ! Elkatherm Benelux.","breadcrumb":{"@id":"https:\/\/www.elkatherm-benelux.eu\/blog\/nl\/producten\/opties\/regeling\/#breadcrumb"},"inLanguage":"fr-FR","potentialAction":[{"@type":"ReadAction","target":["https:\/\/www.elkatherm-benelux.eu\/blog\/nl\/producten\/opties\/regeling\/"]}]},{"@type":"ImageObject","inLanguage":"fr-FR","@id":"https:\/\/www.elkatherm-benelux.eu\/blog\/nl\/producten\/opties\/regeling\/#primaryimage","url":"https:\/\/www.elkatherm-benelux.eu\/blog\/eComfort-530\/","contentUrl":"https:\/\/www.elkatherm-benelux.eu\/blog\/eComfort-530\/"},{"@type":"BreadcrumbList","@id":"https:\/\/www.elkatherm-benelux.eu\/blog\/nl\/producten\/opties\/regeling\/#breadcrumb","itemListElement":[{"@type":"ListItem","position":1,"name":"Accueil","item":"https:\/\/www.elkatherm-benelux.eu\/blog\/"},{"@type":"ListItem","position":2,"name":"Producten","item":"https:\/\/www.elkatherm-benelux.eu\/blog\/nl\/producten\/"},{"@type":"ListItem","position":3,"name":"Opties","item":"https:\/\/www.elkatherm-benelux.eu\/blog\/nl\/producten\/opties\/"},{"@type":"ListItem","position":4,"name":"Opties: regeling"}]},{"@type":"WebSite","@id":"https:\/\/www.elkatherm-benelux.eu\/blog\/#website","url":"https:\/\/www.elkatherm-benelux.eu\/blog\/","name":"Elkatherm Benelux","description":"Radiateurs &eacute;lectriques &agrave; inertie","publisher":{"@id":"https:\/\/www.elkatherm-benelux.eu\/blog\/#organization"},"potentialAction":[{"@type":"SearchAction","target":{"@type":"EntryPoint","urlTemplate":"https:\/\/www.elkatherm-benelux.eu\/blog\/?s={search_term_string}"},"query-input":{"@type":"PropertyValueSpecification","valueRequired":true,"valueName":"search_term_string"}}],"inLanguage":"fr-FR"},{"@type":"Organization","@id":"https:\/\/www.elkatherm-benelux.eu\/blog\/#organization","name":"ELKATHERM Benelux","url":"https:\/\/www.elkatherm-benelux.eu\/blog\/","logo":{"@type":"ImageObject","inLanguage":"fr-FR","@id":"https:\/\/www.elkatherm-benelux.eu\/blog\/#\/schema\/logo\/image\/","url":"https:\/\/www.elkatherm-benelux.be\/wp-content\/uploads\/2021\/05\/ELKATHERM_logo.jpg","contentUrl":"https:\/\/www.elkatherm-benelux.be\/wp-content\/uploads\/2021\/05\/ELKATHERM_logo.jpg","width":577,"height":137,"caption":"ELKATHERM Benelux"},"image":{"@id":"https:\/\/www.elkatherm-benelux.eu\/blog\/#\/schema\/logo\/image\/"},"sameAs":["https:\/\/www.facebook.com\/elkathermbe\/","https:\/\/www.instagram.com\/elkatherm_benelux","https:\/\/www.youtube.com\/channel\/UCa2fW6rCLETD_B26V02eAlw"]}]}},"_links":{"self":[{"href":"https:\/\/www.elkatherm-benelux.eu\/blog\/wp-json\/wp\/v2\/pages\/897"}],"collection":[{"href":"https:\/\/www.elkatherm-benelux.eu\/blog\/wp-json\/wp\/v2\/pages"}],"about":[{"href":"https:\/\/www.elkatherm-benelux.eu\/blog\/wp-json\/wp\/v2\/types\/page"}],"author":[{"embeddable":true,"href":"https:\/\/www.elkatherm-benelux.eu\/blog\/wp-json\/wp\/v2\/users\/1"}],"replies":[{"embeddable":true,"href":"https:\/\/www.elkatherm-benelux.eu\/blog\/wp-json\/wp\/v2\/comments?post=897"}],"version-history":[{"count":61,"href":"https:\/\/www.elkatherm-benelux.eu\/blog\/wp-json\/wp\/v2\/pages\/897\/revisions"}],"predecessor-version":[{"id":19711,"href":"https:\/\/www.elkatherm-benelux.eu\/blog\/wp-json\/wp\/v2\/pages\/897\/revisions\/19711"}],"up":[{"embeddable":true,"href":"https:\/\/www.elkatherm-benelux.eu\/blog\/wp-json\/wp\/v2\/pages\/2382"}],"wp:attachment":[{"href":"https:\/\/www.elkatherm-benelux.eu\/blog\/wp-json\/wp\/v2\/media?parent=897"}],"curies":[{"name":"wp","href":"https:\/\/api.w.org\/{rel}","templated":true}]}}